 - 191, 0*b - 2*b + 2*n + 206 = 0. Suppose 39 = i - 4*s + 1, 2*i = -4*s + b. What is the tens digit of i?
4
Let k(w) = -205*w + 232. What is the hundreds digit of k(-6)?
4
What is the units digit of 3612 - (-70 + 10)/(-10)?
6
Suppose a = 3*s - 237, 0 = -2*a - a + 3*s - 699. Let u = a + 395. What is the units digit of u?
4
Suppose 0 = -2*t + 4, -4*k + t + 172 = -t. Suppose -3*z = 0, -3*q - 3*z + 142 + k = 0. What is the units digit of q?
2
Let z(t) = -t**3 + 2*t**2 - 10*t + 1339. What is the thousands digit of z(0)?
1
Suppose 0 = -x - 7 + 32. Suppose 72 = 4*r - a, 3*r + x = 4*r - 2*a. Let v(l) = 3*l - 14. What is the tens digit of v(r)?
3
Let m = 2943 - 1747. What is the thousands digit of m?
1
Suppose 5*a - 3620 = 295. Let p = -511 + a. What is the hundreds digit of p?
2
What is the tens digit of 48/15 - 3 - (-8502)/15?
6
Suppose 7 = b - 14. Let h(v) = v + b*v**2 - 4*v + 3 - 5 + 0*v. What is the units digit of h(-1)?
2
Let a(v) = 2*v**3 + 13*v**2 + 7*v + 8. Let d be a(-6). What is the tens digit of (-2)/12 + d/(12/283)?
4
Let u(i) = -534*i - 149. What is the units digit of u(-3)?
3
Suppose 0 = -5*p + 4*k + 50, -6*p - k = -p - 75. Suppose 4*s = p + 18. Suppose -3*a = -s*a + 115. What is the tens digit of a?
2
Let t = 31 - 73. Let w = t - -159. What is the units digit of w?
7
Suppose -3*j + 16 = -j. Let d = -4 + j. Suppose -2*x + 172 = d*a + a, 3*a + 3*x = 96. What is the units digit of a?
6
Suppose 405*u = 419*u - 28826. What is the thousands digit of u?
2
Let t be -2330 - (-4 + 6)*2. What is the hundreds digit of (-24)/(-84) + t/(-28)*2?
1
Let f(v) be the second derivative of -v**5/20 - v**4/6 + 7*v**3/6 + 9*v**2/2 - 13*v. What is the hundreds digit of f(-6)?
1
Suppose -7*p - w = -3*p - 5339, -4*p - 5*w + 5351 = 0. What is the thousands digit of p?
1
Let j(a) = 2*a - 24. Let c be j(15). Let g be c/4 + (-324)/8. Let m = 83 + g. What is the units digit of m?
4
Let o = 657 - 389. What is the units digit of o?
8
Let m = 593 + 695. What is the thousands digit of m?
1
Let r(o) = o**2 + 3*o + 4. Suppose -2*k = -0*q - 5*q - 4, -3*q = 2*k + 12. Let u be r(k). Suppose u*b - 6*b = -42. What is the tens digit of b?
2
Let y be 38/((-4)/(-12)*2). Let l = 181 - y. What is the hundreds digit of l?
1
Suppose -r = -5*o - 73 + 23, -3*o + 3*r = 30. What is the units digit of (-116)/((o/(-1))/(-5))?
8
Let f(z) be the second derivative of 7*z**3/3 - z**2/2 - 22*z. What is the tens digit of f(3)?
4
Let z = 194 + 441. What is the hundreds digit of z?
6
Let z(s) = -s**2 - 17*s + 362. What is the hundreds digit of z(0)?
3
Suppose 0 = -51*b + 1361 + 76975. What is the thousands digit of b?
1
Let c(a) be the third derivative of -a**5/15 + a**4/12 - a**3/6 + a**2. Let l be c(1). What is the tens digit of 2 + l/((-6)/20)?
1
Suppose 0 = 9*q - 4*q. Let d(x) = x**3 - x**2 - 2*x + 148. Let f be d(q). Let o = f + -104. What is the tens digit of o?
4
Let f = -3 - -11. Let r(g) = -f + 17*g - 4*g + 0*g**2 - g**2. What is the units digit of r(6)?
4
Suppose 4*o - 20 = -0*o. Let n = 9 - o. What is the units digit of n/2 - (1 + 0)?
1
Suppose -3*x + 132 = 3*j, 4*x - 3*j + 2*j - 186 = 0. Suppose 96 = x*t - 43*t. What is the tens digit of t?
3
Suppose t = -2*t + 42. Suppose -9*b - t = -7*b. Let y = b + 22. What is the units digit of y?
5
Let b = -13 - -16. Suppose 156 = 3*l + b*l. What is the units digit of l?
6
Let c(n) = -17*n**2 + n. Suppose 0 = 2*s + 2*v - 8, -v + 6 = 1. Let b be c(s). What is the units digit of (-156)/b*(2 - -1)?
6
Let v(o) = -o**3 - 11*o**2 + 13*o + 12. Let l be v(-12). Suppose -z = 4*k - 2*z - 12, l = -4*k + 2*z + 16. What is the units digit of k?
2
Suppose -5*o - 3*l + 557 = -3225, 3024 = 4*o + 4*l. What is the units digit of o?
7
Let g(w) = 20*w - 28. Let n(l) be the second derivative of -5*l**3/3 + 7*l**2 + 6*l. Let p(k) = 2*g(k) + 5*n(k). What is the tens digit of p(-5)?
6
Suppose 3*y + 112 = v, -y + 0*y = -4*v + 448. Let c = v + -8. What is the hundreds digit of c?
1
Let m be 1*(0/4 - -5). Suppose m*k = k + 28. What is the units digit of k?
7
Suppose -2*l + 4 + 6 = 0. Suppose -4 = -l*i + i. What is the units digit of i?
1
Suppose -17*q - 315 = -20*q. Let k = 11 + q. Let i = k - 83. What is the units digit of i?
3
Suppose 2*m + 687 = 5*z, -3*z - 2*m = m - 429. Suppose -2*c - 228 = -3*v, z = 2*v + 2*c + c. What is the units digit of v?
4
Let p(i) = -4*i + 104. Suppose 0 = -w + 10*w. What is the hundreds digit of p(w)?
1
Suppose -20*q + 55*q - 69020 = 0. What is the units digit of q?
2
Let n = -4 - -8. Suppose 3 = 2*s - 1, n*s - 45 = -d. What is the units digit of d?
7
Suppose 0 = -y - 0*y - 2. Let w = 5 + y. Suppose -w*a + 60 = -72. What is the units digit of a?
4
Let i = 42 - 35. Suppose 67 - i = 3*r. What is the units digit of r?
0
Let i = -8 - -11. Let h be (-24)/4*(-2)/i. Suppose -41 = -5*p + h*f, 3*p - 7 = f + 12. What is the units digit of p?
5
Let u be 53/6 - (-2)/12. Let v(a) = -a**3 + 10*a**2 - 9*a + 7. Let y be v(u). What is the tens digit of (-6)/(-21) - (-152)/y?
2
Let o = 4781 - 2816. What is the units digit of o?
5
Let k(t) = t**3 + 50*t**2 + 68*t + 246. What is the tens digit of k(-47)?
7
Let h(z) = 17*z**2 - 7*z - 8. What is the hundreds digit of h(-3)?
1
Let w = 5 + -21. Let s = w - -18. Suppose -s*j + 25 = 3. What is the tens digit of j?
1
Suppose -5*s = -3*y - 430, -y + 566 = -5*y + 3*s. Let h = -91 - y. What is the tens digit of h?
4
Let a be (-64)/(-30) - (-4)/(-30). Suppose 3 + 3 = a*r. Suppose -r*l + 76 = l + 5*c, 2*c = 0. What is the units digit of l?
9
Suppose -23857 = -19*n + 9545. What is the thousands digit of n?
1
What is the units digit of 80/64 + 1299/4?
6
Let z be (-588)/(-7)*15/(-12). What is the units digit of z/(-2)*(3 - 1)?
5
Suppose -r - 5 = -221. What is the units digit of r?
6
Let o(q) = -1. Let p(d) = -2*d + 7. Let z(x) = 10*o(x) - 2*p(x). Let a = 20 - 3. What is the tens digit of z(a)?
4
Let t(l) = 3*l + 1. Let o = 2 - 1. Let w be t(o). Suppose -w*v + 11 = x, 4*v - 2*v - 13 = -x. What is the units digit of x?
5
Suppose 0*z + 16 = 4*z. Let t = 427 + -423. Suppose 5*a = t*f + 159, -z*f = 4*a - 7*f - 127. What is the units digit of a?
1
Suppose 3*p - p = 12. Suppose 3*c - p + 3 = 0. Suppose s = 9 - c. What is the units digit of s?
8
Suppose m - 2*s = -4*m + 4, s - 9 = -3*m. Suppose 6 = -j + m*r - r, -3*r - 30 = 5*j. What is the units digit of (-96)/(-9) - j/(-9)?
0
Suppose -5*f + 20 = -0, -4*f - 5560 = -x. What is the units digit of x?
6
Suppose 0 = 3*t - 2*s + 2, 5*t - s + 1 + 0 = 0. Suppose t = 2*o + 2, -2*o - 8 = -4*b + b. Suppose -v - b*v + 78 = 0. What is the units digit of v?
6
Suppose 5*j - 276 = -t + 538, 2*t + 2*j - 1588 = 0. What is the hundreds digit of t?
7
Let w(c) = 4*c**2 + 28*c + 118. What is the hundreds digit of w(-15)?
5
Let t = -7 - -6. Let b be (t + (0 - -1))/1. Let k = b - -17. What is the tens digit of k?
1
Let w = -727 - -1695. What is the hundreds digit of w?
9
Let s(h) = -h**3 - 8*h**2 - 3*h - 8. Let k be s(-9). Let c = k - 60. What is the tens digit of c?
4
Suppose 96*n - 125*n = -1276. Suppose 0 = o + 35 - 148. Let t = o - n. What is the tens digit of t?
6
Let q = 149 + -146. Suppose 5*m = n - 181, -4*m = -2*n - q*n + 1010. What is the tens digit of n?
0
What is the tens digit of (-86)/(1*6/(-72))?
3
Suppose -4*j = -w + 374, 4*w - 5*j + 4*j = 1466. What is the tens digit of w?
6
Suppose 4 = 2*l - 10. Suppose l*q - 80 = 949. What is the units digit of q?
7
Let x(s) = 6*s - 29. Let u be x(4). Let y(c) = 4*c**2 - 3*c + 4. What is the tens digit of y(u)?
1
Suppose -105 = -0*y - 3*y. Suppose 0 = i + 3*j - y, -94 + 1 = -3*i + 3*j. What is the tens digit of i?
3
Let x = -469 - -314. What is the units digit of ((-57)/95)/(1/x)?
3
Suppose -5*l = -15, 0 = -3*i - 2*l + 4 - 82. Let r(x) = -8*x - 9. Let c be r(7). Let v = i - c. What is the units digit of v?
7
Suppose j - 1 = 3. Suppose j*u - 45 = 3*u. Let q = u + -15. What is the tens digit of q?
3
Suppose -2*i - 3*x + 73 = 0, -8*x = -6*x - 6. Suppose -4*u - 2*g = -36, -4*g - i - 6 = -2*u. What is the tens digit of u?
1
Let u = 172 - 140. What is the tens digit of u?
3
Let u be ((-105)/25)/(1/(-5)). Let m = 9 + u. What is the tens digit of m?
3
Let t = -771 + 1208. What is the tens digit of t?
3
Let q(r) be the second derivative of -r**5/20 - 7*r**4/12 